{"id":601,"date":"2025-12-27T21:15:07","date_gmt":"2025-12-27T20:15:07","guid":{"rendered":"https:\/\/julian-behr.de\/?page_id=601"},"modified":"2025-12-28T20:24:07","modified_gmt":"2025-12-28T19:24:07","slug":"agbs-2","status":"publish","type":"page","link":"https:\/\/julian-behr.de\/?page_id=601","title":{"rendered":"Impressum"},"content":{"rendered":"<div  class='flex_column av-qntpd-6d41d53bd5095f22f4e423aef729f7ac av_one_fifth  avia-builder-el-0  el_before_av_three_fifth  avia-builder-el-first  first flex_column_div  '     ><\/div>\n<div  class='flex_column av-liaox-849e13f4d091efe8896ac0e52af67817 av_three_fifth  avia-builder-el-1  el_after_av_one_fifth  el_before_av_one_fifth  flex_column_div  '     ><section  class='av_textblock_section av-gqcvl-fb9d22988eeee493721dc58c878881ac '   itemscope=\"itemscope\" itemtype=\"https:\/\/schema.org\/CreativeWork\" ><div class='avia_textblock'  itemprop=\"text\" ><h2 data-start=\"398\" data-end=\"417\"><strong data-start=\"404\" data-end=\"417\">Impressum<\/strong><\/h2>\n<p data-start=\"419\" data-end=\"444\"><strong data-start=\"419\" data-end=\"444\">Angaben gem\u00e4\u00df \u00a7 5 TMG<\/strong><\/p>\n<p data-start=\"446\" data-end=\"525\">Prof. Julian Behr<\/p>\n<p data-start=\"446\" data-end=\"525\">Alemannenstrasse 5<br \/>\n79639 Grenzach Wyhlen<br \/>\nDeutschland<\/p>\n<p data-start=\"527\" data-end=\"625\"><strong data-start=\"527\" data-end=\"538\">Kontakt<\/strong><br data-start=\"538\" data-end=\"541\" \/>E-Mail: leutaro@posteo.de<br data-start=\"565\" data-end=\"568\" \/>Website: <a class=\"decorated-link\" href=\"https:\/\/julian-behr.de\" target=\"_new\" rel=\"noopener\" data-start=\"577\" data-end=\"625\">https:\/\/julian-behr.de<\/a><\/p>\n<p data-start=\"627\" data-end=\"841\"><strong data-start=\"627\" data-end=\"647\">Art der Website:<\/strong><br data-start=\"647\" data-end=\"650\" \/>Diese Website ist eine pers\u00f6nliche, nicht-kommerzielle Informationsseite \u00fcber die k\u00fcnstlerische, wissenschaftliche und lehrende T\u00e4tigkeit von Prof. Julian Behr im Bereich Laute und Instrumenten-Forschung.<\/p>\n<p data-start=\"843\" data-end=\"940\"><strong data-start=\"843\" data-end=\"899\">Verantwortlich f\u00fcr den Inhalt nach \u00a7 55 Abs. 2 RStV:<\/strong><br data-start=\"899\" data-end=\"902\" \/>Prof. Julian Behr<br data-start=\"919\" data-end=\"922\" \/>Alemannenstrasse 5<br \/>\n79639 Grenzacg Wyhlen<br \/>\nDeutschland<\/p>\n<hr data-start=\"942\" data-end=\"945\" \/>\n<h3 data-start=\"947\" data-end=\"973\"><strong data-start=\"951\" data-end=\"973\">Haftungsausschluss<\/strong><\/h3>\n<p data-start=\"975\" data-end=\"1663\"><strong data-start=\"975\" data-end=\"998\">Haftung f\u00fcr Inhalte<\/strong><br data-start=\"998\" data-end=\"1001\" \/>Als Diensteanbieter sind wir gem\u00e4\u00df \u00a7 7 Abs.1 TMG f\u00fcr eigene Inhalte auf diesen Seiten verantwortlich.<br data-start=\"1102\" data-end=\"1105\" \/>Nach \u00a7\u00a7 8 bis 10 TMG sind wir jedoch nicht verpflichtet, \u00fcbermittelte oder gespeicherte fremde Informationen zu \u00fcberwachen oder nach Umst\u00e4nden zu forschen, die auf eine rechtswidrige T\u00e4tigkeit hinweisen.<br data-start=\"1308\" data-end=\"1311\" \/>Verpflichtungen zur Entfernung oder Sperrung der Nutzung von Informationen nach den allgemeinen Gesetzen bleiben hiervon unber\u00fchrt.<br data-start=\"1442\" data-end=\"1445\" \/>Eine diesbez\u00fcgliche Haftung ist jedoch erst ab dem Zeitpunkt der Kenntnis einer konkreten Rechtsverletzung m\u00f6glich.<br data-start=\"1560\" data-end=\"1563\" \/>Bei Bekanntwerden von entsprechenden Rechtsverletzungen werden wir diese Inhalte umgehend entfernen.<\/p>\n<p data-start=\"1665\" data-end=\"2052\"><strong data-start=\"1665\" data-end=\"1686\">Haftung f\u00fcr Links<\/strong><br data-start=\"1686\" data-end=\"1689\" \/>Diese Website enth\u00e4lt Links zu externen Websites Dritter, auf deren Inhalte wir keinen Einfluss haben.<br data-start=\"1791\" data-end=\"1794\" \/>Deshalb k\u00f6nnen wir f\u00fcr diese fremden Inhalte keine Gew\u00e4hr \u00fcbernehmen.<br data-start=\"1863\" data-end=\"1866\" \/>F\u00fcr die Inhalte der verlinkten Seiten ist stets der jeweilige Anbieter oder Betreiber verantwortlich.<br data-start=\"1967\" data-end=\"1970\" \/>Bei Bekanntwerden von Rechtsverletzungen werden derartige Links umgehend entfernt.<\/p>\n<p data-start=\"2054\" data-end=\"2457\"><strong data-start=\"2054\" data-end=\"2070\">Urheberrecht<\/strong><br data-start=\"2070\" data-end=\"2073\" \/>Die auf dieser Website erstellten Inhalte und Werke unterliegen dem deutschen Urheberrecht.<br data-start=\"2164\" data-end=\"2167\" \/>Vervielf\u00e4ltigung, Bearbeitung, Verbreitung und jede Art der Verwertung au\u00dferhalb der Grenzen des Urheberrechts bed\u00fcrfen der schriftlichen Zustimmung des jeweiligen Autors oder Erstellers.<br data-start=\"2354\" data-end=\"2357\" \/>Downloads und Kopien dieser Seite sind nur f\u00fcr den privaten, nicht kommerziellen Gebrauch gestattet.<\/p>\n<\/div><\/section><\/div><div  class='flex_column av-7i1wx-691c0e2b2f61d72a201e2bcb030c8293 av_one_fifth  avia-builder-el-3  el_after_av_three_fifth  avia-builder-el-last  flex_column_div  '     ><\/div><\/p>\n","protected":false},"excerpt":{"rendered":"","protected":false},"author":1,"featured_media":0,"parent":0,"menu_order":0,"comment_status":"closed","ping_status":"closed","template":"","meta":{"footnotes":""},"class_list":["post-601","page","type-page","status-publish","hentry"],"yoast_head":"<!-- This site is optimized with the Yoast SEO plugin v27.3 - https:\/\/yoast.com\/product\/yoast-seo-wordpress\/ -->\n<title>Impressum - Lauten Prof. Julian Behr<\/title>\n<meta name=\"robots\" content=\"index, follow, max-snippet:-1, max-image-preview:large, max-video-preview:-1\" \/>\n<link rel=\"canonical\" href=\"https:\/\/julian-behr.de\/?page_id=601\" \/>\n<meta property=\"og:locale\" content=\"de_DE\" \/>\n<meta property=\"og:type\" content=\"article\" \/>\n<meta property=\"og:title\" content=\"Impressum - Lauten Prof. Julian Behr\" \/>\n<meta property=\"og:url\" content=\"https:\/\/julian-behr.de\/?page_id=601\" \/>\n<meta property=\"og:site_name\" content=\"Lauten Prof. Julian Behr\" \/>\n<meta property=\"article:modified_time\" content=\"2025-12-28T19:24:07+00:00\" \/>\n<meta name=\"twitter:card\" content=\"summary_large_image\" \/>\n<meta name=\"twitter:label1\" content=\"Gesch\u00e4tzte Lesezeit\" \/>\n\t<meta name=\"twitter:data1\" content=\"9\u00a0Minuten\" \/>\n<script type=\"application\/ld+json\" class=\"yoast-schema-graph\">{\"@context\":\"https:\\\/\\\/schema.org\",\"@graph\":[{\"@type\":\"WebPage\",\"@id\":\"https:\\\/\\\/julian-behr.de\\\/?page_id=601\",\"url\":\"https:\\\/\\\/julian-behr.de\\\/?page_id=601\",\"name\":\"Impressum - Lauten Prof. Julian Behr\",\"isPartOf\":{\"@id\":\"https:\\\/\\\/julian-behr.de\\\/#website\"},\"datePublished\":\"2025-12-27T20:15:07+00:00\",\"dateModified\":\"2025-12-28T19:24:07+00:00\",\"breadcrumb\":{\"@id\":\"https:\\\/\\\/julian-behr.de\\\/?page_id=601#breadcrumb\"},\"inLanguage\":\"de\",\"potentialAction\":[{\"@type\":\"ReadAction\",\"target\":[\"https:\\\/\\\/julian-behr.de\\\/?page_id=601\"]}]},{\"@type\":\"BreadcrumbList\",\"@id\":\"https:\\\/\\\/julian-behr.de\\\/?page_id=601#breadcrumb\",\"itemListElement\":[{\"@type\":\"ListItem\",\"position\":1,\"name\":\"Start\",\"item\":\"https:\\\/\\\/julian-behr.de\\\/\"},{\"@type\":\"ListItem\",\"position\":2,\"name\":\"Impressum\"}]},{\"@type\":\"WebSite\",\"@id\":\"https:\\\/\\\/julian-behr.de\\\/#website\",\"url\":\"https:\\\/\\\/julian-behr.de\\\/\",\"name\":\"Lauten Prof. Julian Behr\",\"description\":\"Prof. J.Behr - Meisterhafte Laute \u2013 Klangkunst zwischen Tradition und Moderne\",\"potentialAction\":[{\"@type\":\"SearchAction\",\"target\":{\"@type\":\"EntryPoint\",\"urlTemplate\":\"https:\\\/\\\/julian-behr.de\\\/?s={search_term_string}\"},\"query-input\":{\"@type\":\"PropertyValueSpecification\",\"valueRequired\":true,\"valueName\":\"search_term_string\"}}],\"inLanguage\":\"de\"}]}<\/script>\n<!-- \/ Yoast SEO plugin. -->","yoast_head_json":{"title":"Impressum - Lauten Prof. Julian Behr","robots":{"index":"index","follow":"follow","max-snippet":"max-snippet:-1","max-image-preview":"max-image-preview:large","max-video-preview":"max-video-preview:-1"},"canonical":"https:\/\/julian-behr.de\/?page_id=601","og_locale":"de_DE","og_type":"article","og_title":"Impressum - Lauten Prof. Julian Behr","og_url":"https:\/\/julian-behr.de\/?page_id=601","og_site_name":"Lauten Prof. Julian Behr","article_modified_time":"2025-12-28T19:24:07+00:00","twitter_card":"summary_large_image","twitter_misc":{"Gesch\u00e4tzte Lesezeit":"9\u00a0Minuten"},"schema":{"@context":"https:\/\/schema.org","@graph":[{"@type":"WebPage","@id":"https:\/\/julian-behr.de\/?page_id=601","url":"https:\/\/julian-behr.de\/?page_id=601","name":"Impressum - Lauten Prof. Julian Behr","isPartOf":{"@id":"https:\/\/julian-behr.de\/#website"},"datePublished":"2025-12-27T20:15:07+00:00","dateModified":"2025-12-28T19:24:07+00:00","breadcrumb":{"@id":"https:\/\/julian-behr.de\/?page_id=601#breadcrumb"},"inLanguage":"de","potentialAction":[{"@type":"ReadAction","target":["https:\/\/julian-behr.de\/?page_id=601"]}]},{"@type":"BreadcrumbList","@id":"https:\/\/julian-behr.de\/?page_id=601#breadcrumb","itemListElement":[{"@type":"ListItem","position":1,"name":"Start","item":"https:\/\/julian-behr.de\/"},{"@type":"ListItem","position":2,"name":"Impressum"}]},{"@type":"WebSite","@id":"https:\/\/julian-behr.de\/#website","url":"https:\/\/julian-behr.de\/","name":"Lauten Prof. Julian Behr","description":"Prof. J.Behr - Meisterhafte Laute \u2013 Klangkunst zwischen Tradition und Moderne","potentialAction":[{"@type":"SearchAction","target":{"@type":"EntryPoint","urlTemplate":"https:\/\/julian-behr.de\/?s={search_term_string}"},"query-input":{"@type":"PropertyValueSpecification","valueRequired":true,"valueName":"search_term_string"}}],"inLanguage":"de"}]}},"_links":{"self":[{"href":"https:\/\/julian-behr.de\/index.php?rest_route=\/wp\/v2\/pages\/601","targetHints":{"allow":["GET"]}}],"collection":[{"href":"https:\/\/julian-behr.de\/index.php?rest_route=\/wp\/v2\/pages"}],"about":[{"href":"https:\/\/julian-behr.de\/index.php?rest_route=\/wp\/v2\/types\/page"}],"author":[{"embeddable":true,"href":"https:\/\/julian-behr.de\/index.php?rest_route=\/wp\/v2\/users\/1"}],"replies":[{"embeddable":true,"href":"https:\/\/julian-behr.de\/index.php?rest_route=%2Fwp%2Fv2%2Fcomments&post=601"}],"version-history":[{"count":0,"href":"https:\/\/julian-behr.de\/index.php?rest_route=\/wp\/v2\/pages\/601\/revisions"}],"wp:attachment":[{"href":"https:\/\/julian-behr.de\/index.php?rest_route=%2Fwp%2Fv2%2Fmedia&parent=601"}],"curies":[{"name":"wp","href":"https:\/\/api.w.org\/{rel}","templated":true}]}}